{"id":219,"date":"2023-12-08T20:59:21","date_gmt":"2023-12-08T23:59:21","guid":{"rendered":"https:\/\/contas.cnt.br\/mcasp\/?page_id=219"},"modified":"2025-08-04T17:19:09","modified_gmt":"2025-08-04T20:19:09","slug":"procedimentos-contabeis-orcamentarios","status":"publish","type":"page","link":"https:\/\/contas.cnt.br\/mcasp\/manual-de-contabilidade-aplicada-ao-setor-publico\/procedimentos-contabeis-orcamentarios\/","title":{"rendered":"Procedimentos Cont\u00e1beis Or\u00e7ament\u00e1rios"},"content":{"rendered":"\n<h4 class=\"wp-block-heading\">1. Introdu\u00e7\u00e3o<\/h4>\n\n\n\n<p>Esta Parte, intitulada Procedimentos Cont\u00e1beis Or\u00e7ament\u00e1rios (PCO), visa dar continuidade ao processo que busca reunir conceitos, regras e procedimentos relativos aos atos e fatos or\u00e7ament\u00e1rios e seu relacionamento com a contabilidade. <\/p>\n\n\n\n<p>Tamb\u00e9m tem como objetivo a harmoniza\u00e7\u00e3o, por meio do estabelecimento de padr\u00f5es a serem observados pela Administra\u00e7\u00e3o P\u00fablica, no que se refere \u00e0 receita e \u00e0 despesa or\u00e7ament\u00e1ria, suas classifica\u00e7\u00f5es, destina\u00e7\u00f5es e registros, de modo a permitir a evidencia\u00e7\u00e3o e a consolida\u00e7\u00e3o das contas p\u00fablicas nacionais.&nbsp;<\/p>\n\n\n\n<p>Para cumprimento do objetivo de padroniza\u00e7\u00e3o dos procedimentos, este Manual procura descrever rotinas e servir como instrumento orientador para os procedimentos relacionados \u00e0s receitas e \u00e0s despesas or\u00e7ament\u00e1rias. <\/p>\n\n\n\n<p>Busca, assim, melhorar a qualidade e a consist\u00eancia das informa\u00e7\u00f5es prestadas a toda a sociedade, de modo a possibilitar o exerc\u00edcio da cidadania no processo de fiscaliza\u00e7\u00e3o da arrecada\u00e7\u00e3o das receitas e da execu\u00e7\u00e3o das despesas, bem como o efetivo controle social sobre as contas dos Governos Federal, Estaduais, Distrital e Municipais.&nbsp;<\/p>\n\n\n\n<p>\u00c9 importante destacar que o Manual n\u00e3o reduz a for\u00e7a normativa das regras or\u00e7ament\u00e1rias fixadas pela Lei n\u00ba 4.320\/1964, pela Portaria MOG n\u00ba 42\/1999, ou pela Portaria Conjunta STN\/SOF n\u00ba 163\/2001 e suas altera\u00e7\u00f5es, que continuam sendo a base normativa para a elabora\u00e7\u00e3o e execu\u00e7\u00e3o dos or\u00e7amentos nos tr\u00eas n\u00edveis de governo.&nbsp;<\/p>\n\n\n\n<p>A receita e a despesa or\u00e7ament\u00e1rias assumem, na Administra\u00e7\u00e3o P\u00fablica, fundamental import\u00e2ncia, pois representam o montante que o Estado se apropria da sociedade por interm\u00e9dio da tributa\u00e7\u00e3o e a sua contrapartida aos cidad\u00e3os por meio da gera\u00e7\u00e3o de bens e servi\u00e7os. Tamb\u00e9m se torna importante em face de situa\u00e7\u00f5es legais espec\u00edficas, como a distribui\u00e7\u00e3o e destina\u00e7\u00e3o da receita entre as esferas governamentais e o cumprimento dos limites legais para a realiza\u00e7\u00e3o de despesas, impostos pela Lei Complementar n\u00ba 101\/2000 \u2013 Lei de Responsabilidade Fiscal (LRF).&nbsp;<\/p>\n\n\n\n<p>\u00c9 relevante destacar que a rela\u00e7\u00e3o entre a receita e a despesa \u00e9 fundamental para o processo or\u00e7ament\u00e1rio, visto que a previs\u00e3o da receita dimensiona a capacidade governamental em autorizar a despesa, entendendo a receita or\u00e7ament\u00e1ria como o mecanismo de financiamento do Estado, sendo considerada tamb\u00e9m a decorrente de opera\u00e7\u00f5es de cr\u00e9dito. Al\u00e9m disso, de acordo com o art. 9\u00ba da LRF, a arrecada\u00e7\u00e3o \u00e9 instrumento condicionante da execu\u00e7\u00e3o or\u00e7ament\u00e1ria da despesa.&nbsp;<\/p>\n\n\n\n<p>O conhecimento dos aspectos relacionados \u00e0 receita e \u00e0 despesa no \u00e2mbito do setor p\u00fablico, principalmente diante da Lei de Responsabilidade Fiscal, \u00e9 de suma import\u00e2ncia, pois contribui para a transpar\u00eancia das contas p\u00fablicas e para o fornecimento de informa\u00e7\u00f5es de melhor qualidade aos diversos usu\u00e1rios, especialmente por interm\u00e9dio do Relat\u00f3rio Resumido de Execu\u00e7\u00e3o Or\u00e7ament\u00e1ria (RREO) e o Relat\u00f3rio de Gest\u00e3o Fiscal (RGF). <\/p>\n\n\n\n<p>Dessa forma, esta Parte subsidia a realiza\u00e7\u00e3o de an\u00e1lises acerca da carga tribut\u00e1ria suportada pelos diversos segmentos da sociedade, al\u00e9m de permitir a avalia\u00e7\u00e3o da programa\u00e7\u00e3o da despesa p\u00fablica e do equil\u00edbrio fiscal das contas p\u00fablicas.<\/p>\n\n\n\n<hr class=\"wp-block-separator has-alpha-channel-opacity\"\/>\n\n\n\n<h5 class=\"wp-block-heading\">&gt;&gt;&gt; CAP\u00cdTULOS<\/h5>\n\n\n\n<blockquote class=\"wp-block-quote is-layout-flow wp-block-quote-is-layout-flow\">\n<ol class=\"wp-block-list\">\n<li>Introdu\u00e7\u00e3o<\/li>\n\n\n\n<li><a href=\"https:\/\/contas.cnt.br\/mcasp\/2-principios-orcamentarios\/\">Princ\u00edpios Or\u00e7ament\u00e1rios<\/a><\/li>\n\n\n\n<li><a href=\"https:\/\/contas.cnt.br\/mcasp\/3-receita-orcamentaria\/\">Receita Or\u00e7ament\u00e1ria<\/a>\n<ul class=\"wp-block-list\">\n<li>3.1. <a href=\"https:\/\/contas.cnt.br\/mcasp\/3-receita-orcamentaria\/\">Conceito<\/a><\/li>\n\n\n\n<li>3.2. <a href=\"https:\/\/contas.cnt.br\/mcasp\/3-2-classificacoes-da-receita-orcamentaria\/\">Classifica\u00e7\u00f5es da Receita Or\u00e7ament\u00e1ria<\/a><\/li>\n\n\n\n<li>3.3. Registro da Receita Or\u00e7ament\u00e1ria<\/li>\n\n\n\n<li>3.4. Relacionamento do Regime Or\u00e7ament\u00e1rio com o Regime Cont\u00e1bil<\/li>\n\n\n\n<li>3.5. Etapas da Receita Or\u00e7ament\u00e1ria<\/li>\n\n\n\n<li>3.6. Procedimentos Cont\u00e1beis Referentes \u00e0 Receita Or\u00e7ament\u00e1ria<\/li>\n<\/ul>\n<\/li>\n\n\n\n<li><a href=\"https:\/\/contas.cnt.br\/mcasp\/4-despesa-orcamentaria\/\">Despesa Or\u00e7ament\u00e1ria<\/a>\n<ul class=\"wp-block-list\">\n<li>4.1. <a href=\"https:\/\/contas.cnt.br\/mcasp\/4-despesa-orcamentaria\/\">Conceito<\/a><\/li>\n\n\n\n<li>4.2. <a href=\"https:\/\/contas.cnt.br\/mcasp\/4-2-classificacoes-da-despesa-orcamentaria\/\">Classifica\u00e7\u00f5es da Despesa Or\u00e7ament\u00e1ria<\/a><\/li>\n\n\n\n<li>4.3. Cr\u00e9ditos Or\u00e7ament\u00e1rios Iniciais e Adicionais<\/li>\n\n\n\n<li>4.4. Etapas da Despesa Or\u00e7ament\u00e1ria<\/li>\n\n\n\n<li>4.5. Procedimentos Cont\u00e1beis Referentes \u00e0 Despesa Or\u00e7ament\u00e1ria<\/li>\n\n\n\n<li>4.6. D\u00favidas Comuns Referentes \u00e0 Classifica\u00e7\u00e3o Or\u00e7ament\u00e1ria<\/li>\n\n\n\n<li>4.7. <a href=\"https:\/\/contas.cnt.br\/mcasp\/4-7-restos-a-pagar\/\">Restos a Pagar<\/a><\/li>\n\n\n\n<li>4.8. Despesas de Exerc\u00edcios Anteriores<\/li>\n\n\n\n<li>4.9. Suprimento de Fundos (Regime de Adiantamento)<\/li>\n<\/ul>\n<\/li>\n\n\n\n<li><a href=\"https:\/\/contas.cnt.br\/mcasp\/5-fonte-ou-destinacao-de-recursos\/\">Fonte ou Destina\u00e7\u00e3o de Recursos<\/a><\/li>\n\n\n\n<li>Registros Cont\u00e1beis Referentes a Transa\u00e7\u00f5es sem Efetivo Fluxo de Caixa<\/li>\n<\/ol>\n<\/blockquote>\n\n\n\n<h5 class=\"wp-block-heading\">&gt;&gt; PARTES<\/h5>\n\n\n\n<blockquote class=\"wp-block-quote is-layout-flow wp-block-quote-is-layout-flow\">\n<p><a href=\"https:\/\/contas.cnt.br\/mcasp\/manual-de-contabilidade-aplicada-ao-setor-publico\/parte-geral\/\">Parte Geral<\/a><\/p>\n\n\n\n<p>Parte I \u2013 Procedimentos Cont\u00e1beis Or\u00e7ament\u00e1rios<\/p>\n\n\n\n<p><a href=\"https:\/\/contas.cnt.br\/mcasp\/procedimentos-contabeis-patrimoniais\/\">Parte II \u2013 Procedimentos Cont\u00e1beis Patrimoniais<\/a><\/p>\n\n\n\n<p><a href=\"https:\/\/contas.cnt.br\/mcasp\/manual-de-contabilidade-aplicada-ao-setor-publico\/procedimentos-contabeis-especificos\/\">Parte III \u2013 Procedimentos Cont\u00e1beis Espec\u00edficos<\/a><\/p>\n\n\n\n<p><a href=\"https:\/\/contas.cnt.br\/mcasp\/manual-de-contabilidade-aplicada-ao-setor-publico\/plano-de-contas-aplicado-ao-setor-publico-pcasp\/\">Parte IV \u2013 Plano de Contas Aplicado ao Setor P\u00fablico \u2013 PCASP<\/a><\/p>\n\n\n\n<p><a href=\"https:\/\/contas.cnt.br\/mcasp\/manual-de-contabilidade-aplicada-ao-setor-publico\/demonstracoes-contabeis-aplicadas-ao-setor-publico-dcasp\/\">Parte V \u2013 Demonstra\u00e7\u00f5es Cont\u00e1beis Aplicadas ao Setor P\u00fablico \u2013 DCASP<\/a><\/p>\n<\/blockquote>\n\n\n\n<h5 class=\"wp-block-heading\">&gt;&nbsp;<a href=\"https:\/\/contas.cnt.br\/mcasp\/manual-de-contabilidade-aplicada-ao-setor-publico\/sumario\/\">SUM\u00c1RIO<\/a><\/h5>\n","protected":false},"excerpt":{"rendered":"<p>1. Introdu\u00e7\u00e3o Esta Parte, intitulada Procedimentos Cont\u00e1beis Or\u00e7ament\u00e1rios (PCO), visa dar continuidade ao processo que busca reunir conceitos, regras e procedimentos relativos aos atos e fatos or\u00e7ament\u00e1rios e seu relacionamento com a contabilidade. Tamb\u00e9m tem como objetivo a harmoniza\u00e7\u00e3o, por meio do estabelecimento de padr\u00f5es a serem observados pela Administra\u00e7\u00e3o P\u00fablica, no que se refere [&hellip;]<\/p>\n","protected":false},"author":1,"featured_media":1819,"parent":2,"menu_order":0,"comment_status":"closed","ping_status":"closed","template":"","meta":{"jetpack_post_was_ever_published":false,"footnotes":""},"class_list":["post-219","page","type-page","status-publish","has-post-thumbnail","hentry"],"yoast_head":"<!-- This site is optimized with the Yoast SEO plugin v27.3 - https:\/\/yoast.com\/product\/yoast-seo-wordpress\/ -->\n<title>Procedimentos Cont\u00e1beis Or\u00e7ament\u00e1rios<\/title>\n<meta name=\"description\" content=\"Procedimentos Cont\u00e1beis Or\u00e7ament\u00e1rios - Manual de Contabilidade Aplicada ao Setor P\u00fablico - MCASP. Curso Contabilidade P\u00fablica\" \/>\n<meta name=\"robots\" content=\"index, follow, max-snippet:-1, max-image-preview:large, max-video-preview:-1\" \/>\n<link rel=\"canonical\" href=\"https:\/\/contas.cnt.br\/mcasp\/manual-de-contabilidade-aplicada-ao-setor-publico\/procedimentos-contabeis-orcamentarios\/\" \/>\n<meta property=\"og:locale\" content=\"pt_BR\" \/>\n<meta property=\"og:type\" content=\"article\" \/>\n<meta property=\"og:title\" content=\"Procedimentos Cont\u00e1beis Or\u00e7ament\u00e1rios\" \/>\n<meta property=\"og:description\" content=\"Procedimentos Cont\u00e1beis Or\u00e7ament\u00e1rios - Manual de Contabilidade Aplicada ao Setor P\u00fablico - MCASP. Curso Contabilidade P\u00fablica\" \/>\n<meta property=\"og:url\" content=\"https:\/\/contas.cnt.br\/mcasp\/manual-de-contabilidade-aplicada-ao-setor-publico\/procedimentos-contabeis-orcamentarios\/\" \/>\n<meta property=\"article:modified_time\" content=\"2025-08-04T20:19:09+00:00\" \/>\n<meta property=\"og:image\" content=\"https:\/\/contas.cnt.br\/mcasp\/wp-content\/uploads\/2024\/08\/3.-MCASP_Online_PCO.png\" \/>\n\t<meta property=\"og:image:width\" content=\"1600\" \/>\n\t<meta property=\"og:image:height\" content=\"280\" \/>\n\t<meta property=\"og:image:type\" content=\"image\/png\" \/>\n<meta name=\"twitter:card\" content=\"summary_large_image\" \/>\n<meta name=\"twitter:label1\" content=\"Est. tempo de leitura\" \/>\n\t<meta name=\"twitter:data1\" content=\"3 minutos\" \/>\n<script type=\"application\/ld+json\" class=\"yoast-schema-graph\">{\"@context\":\"https:\\\/\\\/schema.org\",\"@graph\":[{\"@type\":\"WebPage\",\"@id\":\"https:\\\/\\\/contas.cnt.br\\\/mcasp\\\/manual-de-contabilidade-aplicada-ao-setor-publico\\\/procedimentos-contabeis-orcamentarios\\\/\",\"url\":\"https:\\\/\\\/contas.cnt.br\\\/mcasp\\\/manual-de-contabilidade-aplicada-ao-setor-publico\\\/procedimentos-contabeis-orcamentarios\\\/\",\"name\":\"Procedimentos Cont\u00e1beis Or\u00e7ament\u00e1rios\",\"isPartOf\":{\"@id\":\"https:\\\/\\\/contas.cnt.br\\\/mcasp\\\/#website\"},\"primaryImageOfPage\":{\"@id\":\"https:\\\/\\\/contas.cnt.br\\\/mcasp\\\/manual-de-contabilidade-aplicada-ao-setor-publico\\\/procedimentos-contabeis-orcamentarios\\\/#primaryimage\"},\"image\":{\"@id\":\"https:\\\/\\\/contas.cnt.br\\\/mcasp\\\/manual-de-contabilidade-aplicada-ao-setor-publico\\\/procedimentos-contabeis-orcamentarios\\\/#primaryimage\"},\"thumbnailUrl\":\"https:\\\/\\\/contas.cnt.br\\\/mcasp\\\/wp-content\\\/uploads\\\/2024\\\/08\\\/3.-MCASP_Online_PCO.png\",\"datePublished\":\"2023-12-08T23:59:21+00:00\",\"dateModified\":\"2025-08-04T20:19:09+00:00\",\"description\":\"Procedimentos Cont\u00e1beis Or\u00e7ament\u00e1rios - Manual de Contabilidade Aplicada ao Setor P\u00fablico - MCASP. Curso Contabilidade P\u00fablica\",\"breadcrumb\":{\"@id\":\"https:\\\/\\\/contas.cnt.br\\\/mcasp\\\/manual-de-contabilidade-aplicada-ao-setor-publico\\\/procedimentos-contabeis-orcamentarios\\\/#breadcrumb\"},\"inLanguage\":\"pt-BR\",\"potentialAction\":[{\"@type\":\"ReadAction\",\"target\":[\"https:\\\/\\\/contas.cnt.br\\\/mcasp\\\/manual-de-contabilidade-aplicada-ao-setor-publico\\\/procedimentos-contabeis-orcamentarios\\\/\"]}]},{\"@type\":\"ImageObject\",\"inLanguage\":\"pt-BR\",\"@id\":\"https:\\\/\\\/contas.cnt.br\\\/mcasp\\\/manual-de-contabilidade-aplicada-ao-setor-publico\\\/procedimentos-contabeis-orcamentarios\\\/#primaryimage\",\"url\":\"https:\\\/\\\/contas.cnt.br\\\/mcasp\\\/wp-content\\\/uploads\\\/2024\\\/08\\\/3.-MCASP_Online_PCO.png\",\"contentUrl\":\"https:\\\/\\\/contas.cnt.br\\\/mcasp\\\/wp-content\\\/uploads\\\/2024\\\/08\\\/3.-MCASP_Online_PCO.png\",\"width\":1600,\"height\":280,\"caption\":\"Procedimentos Cont\u00e1beis Or\u00e7ament\u00e1rios\"},{\"@type\":\"BreadcrumbList\",\"@id\":\"https:\\\/\\\/contas.cnt.br\\\/mcasp\\\/manual-de-contabilidade-aplicada-ao-setor-publico\\\/procedimentos-contabeis-orcamentarios\\\/#breadcrumb\",\"itemListElement\":[{\"@type\":\"ListItem\",\"position\":1,\"name\":\"Home\",\"item\":\"https:\\\/\\\/contas.cnt.br\\\/mcasp\\\/\"},{\"@type\":\"ListItem\",\"position\":2,\"name\":\"Manual de Contabilidade Aplicada ao Setor P\u00fablico\",\"item\":\"https:\\\/\\\/contas.cnt.br\\\/mcasp\\\/\"},{\"@type\":\"ListItem\",\"position\":3,\"name\":\"Procedimentos Cont\u00e1beis Or\u00e7ament\u00e1rios\"}]},{\"@type\":\"WebSite\",\"@id\":\"https:\\\/\\\/contas.cnt.br\\\/mcasp\\\/#website\",\"url\":\"https:\\\/\\\/contas.cnt.br\\\/mcasp\\\/\",\"name\":\"\",\"description\":\"MCASP Online\",\"potentialAction\":[{\"@type\":\"SearchAction\",\"target\":{\"@type\":\"EntryPoint\",\"urlTemplate\":\"https:\\\/\\\/contas.cnt.br\\\/mcasp\\\/?s={search_term_string}\"},\"query-input\":{\"@type\":\"PropertyValueSpecification\",\"valueRequired\":true,\"valueName\":\"search_term_string\"}}],\"inLanguage\":\"pt-BR\"}]}<\/script>\n<!-- \/ Yoast SEO plugin. -->","yoast_head_json":{"title":"Procedimentos Cont\u00e1beis Or\u00e7ament\u00e1rios","description":"Procedimentos Cont\u00e1beis Or\u00e7ament\u00e1rios - Manual de Contabilidade Aplicada ao Setor P\u00fablico - MCASP. Curso Contabilidade P\u00fablica","robots":{"index":"index","follow":"follow","max-snippet":"max-snippet:-1","max-image-preview":"max-image-preview:large","max-video-preview":"max-video-preview:-1"},"canonical":"https:\/\/contas.cnt.br\/mcasp\/manual-de-contabilidade-aplicada-ao-setor-publico\/procedimentos-contabeis-orcamentarios\/","og_locale":"pt_BR","og_type":"article","og_title":"Procedimentos Cont\u00e1beis Or\u00e7ament\u00e1rios","og_description":"Procedimentos Cont\u00e1beis Or\u00e7ament\u00e1rios - Manual de Contabilidade Aplicada ao Setor P\u00fablico - MCASP. Curso Contabilidade P\u00fablica","og_url":"https:\/\/contas.cnt.br\/mcasp\/manual-de-contabilidade-aplicada-ao-setor-publico\/procedimentos-contabeis-orcamentarios\/","article_modified_time":"2025-08-04T20:19:09+00:00","og_image":[{"width":1600,"height":280,"url":"https:\/\/contas.cnt.br\/mcasp\/wp-content\/uploads\/2024\/08\/3.-MCASP_Online_PCO.png","type":"image\/png"}],"twitter_card":"summary_large_image","twitter_misc":{"Est. tempo de leitura":"3 minutos"},"schema":{"@context":"https:\/\/schema.org","@graph":[{"@type":"WebPage","@id":"https:\/\/contas.cnt.br\/mcasp\/manual-de-contabilidade-aplicada-ao-setor-publico\/procedimentos-contabeis-orcamentarios\/","url":"https:\/\/contas.cnt.br\/mcasp\/manual-de-contabilidade-aplicada-ao-setor-publico\/procedimentos-contabeis-orcamentarios\/","name":"Procedimentos Cont\u00e1beis Or\u00e7ament\u00e1rios","isPartOf":{"@id":"https:\/\/contas.cnt.br\/mcasp\/#website"},"primaryImageOfPage":{"@id":"https:\/\/contas.cnt.br\/mcasp\/manual-de-contabilidade-aplicada-ao-setor-publico\/procedimentos-contabeis-orcamentarios\/#primaryimage"},"image":{"@id":"https:\/\/contas.cnt.br\/mcasp\/manual-de-contabilidade-aplicada-ao-setor-publico\/procedimentos-contabeis-orcamentarios\/#primaryimage"},"thumbnailUrl":"https:\/\/contas.cnt.br\/mcasp\/wp-content\/uploads\/2024\/08\/3.-MCASP_Online_PCO.png","datePublished":"2023-12-08T23:59:21+00:00","dateModified":"2025-08-04T20:19:09+00:00","description":"Procedimentos Cont\u00e1beis Or\u00e7ament\u00e1rios - Manual de Contabilidade Aplicada ao Setor P\u00fablico - MCASP. Curso Contabilidade P\u00fablica","breadcrumb":{"@id":"https:\/\/contas.cnt.br\/mcasp\/manual-de-contabilidade-aplicada-ao-setor-publico\/procedimentos-contabeis-orcamentarios\/#breadcrumb"},"inLanguage":"pt-BR","potentialAction":[{"@type":"ReadAction","target":["https:\/\/contas.cnt.br\/mcasp\/manual-de-contabilidade-aplicada-ao-setor-publico\/procedimentos-contabeis-orcamentarios\/"]}]},{"@type":"ImageObject","inLanguage":"pt-BR","@id":"https:\/\/contas.cnt.br\/mcasp\/manual-de-contabilidade-aplicada-ao-setor-publico\/procedimentos-contabeis-orcamentarios\/#primaryimage","url":"https:\/\/contas.cnt.br\/mcasp\/wp-content\/uploads\/2024\/08\/3.-MCASP_Online_PCO.png","contentUrl":"https:\/\/contas.cnt.br\/mcasp\/wp-content\/uploads\/2024\/08\/3.-MCASP_Online_PCO.png","width":1600,"height":280,"caption":"Procedimentos Cont\u00e1beis Or\u00e7ament\u00e1rios"},{"@type":"BreadcrumbList","@id":"https:\/\/contas.cnt.br\/mcasp\/manual-de-contabilidade-aplicada-ao-setor-publico\/procedimentos-contabeis-orcamentarios\/#breadcrumb","itemListElement":[{"@type":"ListItem","position":1,"name":"Home","item":"https:\/\/contas.cnt.br\/mcasp\/"},{"@type":"ListItem","position":2,"name":"Manual de Contabilidade Aplicada ao Setor P\u00fablico","item":"https:\/\/contas.cnt.br\/mcasp\/"},{"@type":"ListItem","position":3,"name":"Procedimentos Cont\u00e1beis Or\u00e7ament\u00e1rios"}]},{"@type":"WebSite","@id":"https:\/\/contas.cnt.br\/mcasp\/#website","url":"https:\/\/contas.cnt.br\/mcasp\/","name":"","description":"MCASP Online","potentialAction":[{"@type":"SearchAction","target":{"@type":"EntryPoint","urlTemplate":"https:\/\/contas.cnt.br\/mcasp\/?s={search_term_string}"},"query-input":{"@type":"PropertyValueSpecification","valueRequired":true,"valueName":"search_term_string"}}],"inLanguage":"pt-BR"}]}},"jetpack_sharing_enabled":true,"_links":{"self":[{"href":"https:\/\/contas.cnt.br\/mcasp\/wp-json\/wp\/v2\/pages\/219","targetHints":{"allow":["GET"]}}],"collection":[{"href":"https:\/\/contas.cnt.br\/mcasp\/wp-json\/wp\/v2\/pages"}],"about":[{"href":"https:\/\/contas.cnt.br\/mcasp\/wp-json\/wp\/v2\/types\/page"}],"author":[{"embeddable":true,"href":"https:\/\/contas.cnt.br\/mcasp\/wp-json\/wp\/v2\/users\/1"}],"replies":[{"embeddable":true,"href":"https:\/\/contas.cnt.br\/mcasp\/wp-json\/wp\/v2\/comments?post=219"}],"version-history":[{"count":73,"href":"https:\/\/contas.cnt.br\/mcasp\/wp-json\/wp\/v2\/pages\/219\/revisions"}],"predecessor-version":[{"id":2289,"href":"https:\/\/contas.cnt.br\/mcasp\/wp-json\/wp\/v2\/pages\/219\/revisions\/2289"}],"up":[{"embeddable":true,"href":"https:\/\/contas.cnt.br\/mcasp\/wp-json\/wp\/v2\/pages\/2"}],"wp:featuredmedia":[{"embeddable":true,"href":"https:\/\/contas.cnt.br\/mcasp\/wp-json\/wp\/v2\/media\/1819"}],"wp:attachment":[{"href":"https:\/\/contas.cnt.br\/mcasp\/wp-json\/wp\/v2\/media?parent=219"}],"curies":[{"name":"wp","href":"https:\/\/api.w.org\/{rel}","templated":true}]}}