{"id":329,"date":"2023-12-09T07:58:54","date_gmt":"2023-12-09T10:58:54","guid":{"rendered":"https:\/\/contas.cnt.br\/mcasp\/?page_id=329"},"modified":"2024-03-23T21:49:00","modified_gmt":"2024-03-24T00:49:00","slug":"receita-orcamentaria","status":"publish","type":"page","link":"https:\/\/contas.cnt.br\/mcasp\/manual-de-contabilidade-aplicada-ao-setor-publico\/procedimentos-contabeis-orcamentarios\/receita-orcamentaria\/","title":{"rendered":"Receita Or\u00e7ament\u00e1ria"},"content":{"rendered":"<p style=\"color: #7a7a7a; font-size: 17.7388px;\"><strong>3.1. CONCEITO<\/strong><\/p>\n<p style=\"color: #7a7a7a; font-size: 17.7388px;\">O or\u00e7amento \u00e9 um importante instrumento de planejamento de qualquer entidade, seja p\u00fablica ou privada, e representa o fluxo previsto de ingressos e de aplica\u00e7\u00f5es de recursos em determinado per\u00edodo.<\/p>\n<p style=\"color: #7a7a7a; font-size: 17.7388px;\">A mat\u00e9ria pertinente \u00e0 receita vem disciplinada no art. 3\u00ba, conjugado com o art. 57, e no art. 35 da Lei n\u00ba 4.320\/1964:<\/p>\n<p style=\"color: #7a7a7a; font-size: 17.7388px; padding-left: 40px;\">Art. 3\u00ba A Lei de Or\u00e7amentos compreender\u00e1 t\u00f4das as receitas, inclusive as de opera\u00e7\u00f5es de cr\u00e9dito autorizadas em lei.<br \/>Par\u00e1grafo \u00fanico. N\u00e3o se consideram para os fins deste artigo as opera\u00e7\u00f5es de credito por antecipa\u00e7\u00e3o da receita, as emiss\u00f5es de papel-moeda e outras entradas compensat\u00f3rias, no ativo e passivo financeiros. [&#8230;]<\/p>\n<p style=\"color: #7a7a7a; font-size: 17.7388px; padding-left: 40px;\">Art. 57. Ressalvado o disposto no par\u00e1grafo \u00fanico do artigo 3\u00ba desta lei ser\u00e3o classificadas como receita or\u00e7ament\u00e1ria, sob as rubricas pr\u00f3prias, t\u00f4das as receitas arrecadadas, inclusive as provenientes de opera\u00e7\u00f5es de cr\u00e9dito, ainda que n\u00e3o previstas no Or\u00e7amento.<br \/>Art. 35. Pertencem ao exerc\u00edcio financeiro:<br \/>I &#8211; as receitas n\u00eale arrecadadas;<br \/>II &#8211; as despesas n\u00eale legalmente empenhadas.<\/p>\n<p style=\"color: #7a7a7a; font-size: 17.7388px;\">Para fins cont\u00e1beis, quanto ao impacto na situa\u00e7\u00e3o patrimonial l\u00edquida, a receita pode ser \u201cefetiva\u201d ou \u201cn\u00e3o-efetiva\u201d:<\/p>\n<p style=\"color: #7a7a7a; font-size: 17.7388px; padding-left: 40px;\">a. Receita Or\u00e7ament\u00e1ria Efetiva aquela em que os ingressos de disponibilidade de recursos n\u00e3o foram precedidos de registro de reconhecimento do direito e n\u00e3o constituem obriga\u00e7\u00f5es correspondentes.<br \/>b. Receita Or\u00e7ament\u00e1ria N\u00e3o Efetiva \u00e9 aquela em que os ingressos de disponibilidades de recursos foram precedidos de registro do reconhecimento do direito ou constituem obriga\u00e7\u00f5es correspondentes, como \u00e9 o caso das opera\u00e7\u00f5es de cr\u00e9dito.<\/p>\n<p style=\"color: #7a7a7a; font-size: 17.7388px;\">Em sentido amplo, os ingressos de recursos financeiros nos cofres do Estado denominam-se receitas p\u00fablicas, registradas como receitas or\u00e7ament\u00e1rias, quando representam disponibilidades de recursos financeiros para o er\u00e1rio, ou ingressos extraor\u00e7ament\u00e1rios, quando representam apenas entradas compensat\u00f3rias.<\/p>\n<p style=\"text-align: justify;\">Em sentido estrito, chamam-se p\u00fablicas apenas as receitas or\u00e7ament\u00e1rias (2).<\/p>\n<p>\t\t\t\t\t\t\t\t\t\t\t\t\t\t\t<img loading=\"lazy\" decoding=\"async\" width=\"661\" height=\"132\" src=\"https:\/\/contas.cnt.br\/mcasp\/wp-content\/uploads\/2023\/12\/1.jpg\" alt=\"\" srcset=\"https:\/\/contas.cnt.br\/mcasp\/wp-content\/uploads\/2023\/12\/1.jpg 661w, https:\/\/contas.cnt.br\/mcasp\/wp-content\/uploads\/2023\/12\/1-300x60.jpg 300w\" sizes=\"auto, (max-width: 661px) 100vw, 661px\" \/>\t\t\t\t\t\t\t\t\t\t\t\t\t\t\t<\/p>\n<h6>&gt;&gt; Cap\u00edtulos<\/h6>\n<ul>\n<li>\n\t\t\t\t\t\t\t\t\t\t\t<a href=\"https:\/\/contas.cnt.br\/mcasp\/manual-de-contabilidade-aplicada-ao-setor-publico\/procedimentos-contabeis-orcamentarios\/principios-orcamentarios\/\"><br \/>\n\t\t\t\t\t\t\t<svg aria-hidden=\"true\" viewBox=\"0 0 576 512\" xmlns=\"http:\/\/www.w3.org\/2000\/svg\"><path d=\"M542.22 32.05c-54.8 3.11-163.72 14.43-230.96 55.59-4.64 2.84-7.27 7.89-7.27 13.17v363.87c0 11.55 12.63 18.85 23.28 13.49 69.18-34.82 169.23-44.32 218.7-46.92 16.89-.89 30.02-14.43 30.02-30.66V62.75c.01-17.71-15.35-31.74-33.77-30.7zM264.73 87.64C197.5 46.48 88.58 35.17 33.78 32.05 15.36 31.01 0 45.04 0 62.75V400.6c0 16.24 13.13 29.78 30.02 30.66 49.49 2.6 149.59 12.11 218.77 46.95 10.62 5.35 23.21-1.94 23.21-13.46V100.63c0-5.29-2.62-10.14-7.27-12.99z\"><\/path><\/svg><br \/>\n\t\t\t\t\t\t\t\t\t\tPrinc\u00edpios Or\u00e7ament\u00e1rios<br \/>\n\t\t\t\t\t\t\t\t\t\t\t<\/a>\n\t\t\t\t\t\t\t\t\t<\/li>\n<li>\n\t\t\t\t\t\t\t<svg aria-hidden=\"true\" viewBox=\"0 0 576 512\" xmlns=\"http:\/\/www.w3.org\/2000\/svg\"><path d=\"M542.22 32.05c-54.8 3.11-163.72 14.43-230.96 55.59-4.64 2.84-7.27 7.89-7.27 13.17v363.87c0 11.55 12.63 18.85 23.28 13.49 69.18-34.82 169.23-44.32 218.7-46.92 16.89-.89 30.02-14.43 30.02-30.66V62.75c.01-17.71-15.35-31.74-33.77-30.7zM264.73 87.64C197.5 46.48 88.58 35.17 33.78 32.05 15.36 31.01 0 45.04 0 62.75V400.6c0 16.24 13.13 29.78 30.02 30.66 49.49 2.6 149.59 12.11 218.77 46.95 10.62 5.35 23.21-1.94 23.21-13.46V100.63c0-5.29-2.62-10.14-7.27-12.99z\"><\/path><\/svg><br \/>\n\t\t\t\t\t\t\t\t\t\tReceita Or\u00e7ament\u00e1ria\n\t\t\t\t\t\t\t\t\t<\/li>\n<li>\n\t\t\t\t\t\t\t\t\t\t\t<a href=\"https:\/\/contas.cnt.br\/mcasp\/parte-geral\/\"><br \/>\n\t\t\t\t\t\t\t<svg aria-hidden=\"true\" viewBox=\"0 0 576 512\" xmlns=\"http:\/\/www.w3.org\/2000\/svg\"><path d=\"M542.22 32.05c-54.8 3.11-163.72 14.43-230.96 55.59-4.64 2.84-7.27 7.89-7.27 13.17v363.87c0 11.55 12.63 18.85 23.28 13.49 69.18-34.82 169.23-44.32 218.7-46.92 16.89-.89 30.02-14.43 30.02-30.66V62.75c.01-17.71-15.35-31.74-33.77-30.7zM264.73 87.64C197.5 46.48 88.58 35.17 33.78 32.05 15.36 31.01 0 45.04 0 62.75V400.6c0 16.24 13.13 29.78 30.02 30.66 49.49 2.6 149.59 12.11 218.77 46.95 10.62 5.35 23.21-1.94 23.21-13.46V100.63c0-5.29-2.62-10.14-7.27-12.99z\"><\/path><\/svg><br \/>\n\t\t\t\t\t\t\t\t\t\tDespesa Or\u00e7ament\u00e1ria<br \/>\n\t\t\t\t\t\t\t\t\t\t\t<\/a>\n\t\t\t\t\t\t\t\t\t<\/li>\n<li>\n\t\t\t\t\t\t\t\t\t\t\t<a href=\"https:\/\/contas.cnt.br\/mcasp\/manual-de-contabilidade-aplicada-ao-setor-publico\/procedimentos-contabeis-orcamentarios\/fonte-ou-destinacao-de-recursos\/\"><br \/>\n\t\t\t\t\t\t\t<svg aria-hidden=\"true\" viewBox=\"0 0 576 512\" xmlns=\"http:\/\/www.w3.org\/2000\/svg\"><path d=\"M542.22 32.05c-54.8 3.11-163.72 14.43-230.96 55.59-4.64 2.84-7.27 7.89-7.27 13.17v363.87c0 11.55 12.63 18.85 23.28 13.49 69.18-34.82 169.23-44.32 218.7-46.92 16.89-.89 30.02-14.43 30.02-30.66V62.75c.01-17.71-15.35-31.74-33.77-30.7zM264.73 87.64C197.5 46.48 88.58 35.17 33.78 32.05 15.36 31.01 0 45.04 0 62.75V400.6c0 16.24 13.13 29.78 30.02 30.66 49.49 2.6 149.59 12.11 218.77 46.95 10.62 5.35 23.21-1.94 23.21-13.46V100.63c0-5.29-2.62-10.14-7.27-12.99z\"><\/path><\/svg><br \/>\n\t\t\t\t\t\t\t\t\t\tFonte ou Destina\u00e7\u00e3o de Recursos<br \/>\n\t\t\t\t\t\t\t\t\t\t\t<\/a>\n\t\t\t\t\t\t\t\t\t<\/li>\n<li>\n\t\t\t\t\t\t\t\t\t\t\t<a href=\"https:\/\/contas.cnt.br\/mcasp\/parte-geral\/\"><br \/>\n\t\t\t\t\t\t\t<svg aria-hidden=\"true\" viewBox=\"0 0 576 512\" xmlns=\"http:\/\/www.w3.org\/2000\/svg\"><path d=\"M542.22 32.05c-54.8 3.11-163.72 14.43-230.96 55.59-4.64 2.84-7.27 7.89-7.27 13.17v363.87c0 11.55 12.63 18.85 23.28 13.49 69.18-34.82 169.23-44.32 218.7-46.92 16.89-.89 30.02-14.43 30.02-30.66V62.75c.01-17.71-15.35-31.74-33.77-30.7zM264.73 87.64C197.5 46.48 88.58 35.17 33.78 32.05 15.36 31.01 0 45.04 0 62.75V400.6c0 16.24 13.13 29.78 30.02 30.66 49.49 2.6 149.59 12.11 218.77 46.95 10.62 5.35 23.21-1.94 23.21-13.46V100.63c0-5.29-2.62-10.14-7.27-12.99z\"><\/path><\/svg><br \/>\n\t\t\t\t\t\t\t\t\t\tRegistros Cont\u00e1beis Referentes a Transa\u00e7\u00f5es sem Efetivo Fluxo de Caixa<br \/>\n\t\t\t\t\t\t\t\t\t\t\t<\/a>\n\t\t\t\t\t\t\t\t\t<\/li>\n<\/ul>\n<h6>&gt; Partes<\/h6>\n<ul>\n<li>\n\t\t\t\t\t\t\t\t\t\t\t<a href=\"https:\/\/contas.cnt.br\/mcasp\/manual-de-contabilidade-aplicada-ao-setor-publico\/parte-geral\/\"><br \/>\n\t\t\t\t\t\t\t<svg aria-hidden=\"true\" viewBox=\"0 0 576 512\" xmlns=\"http:\/\/www.w3.org\/2000\/svg\"><path d=\"M542.22 32.05c-54.8 3.11-163.72 14.43-230.96 55.59-4.64 2.84-7.27 7.89-7.27 13.17v363.87c0 11.55 12.63 18.85 23.28 13.49 69.18-34.82 169.23-44.32 218.7-46.92 16.89-.89 30.02-14.43 30.02-30.66V62.75c.01-17.71-15.35-31.74-33.77-30.7zM264.73 87.64C197.5 46.48 88.58 35.17 33.78 32.05 15.36 31.01 0 45.04 0 62.75V400.6c0 16.24 13.13 29.78 30.02 30.66 49.49 2.6 149.59 12.11 218.77 46.95 10.62 5.35 23.21-1.94 23.21-13.46V100.63c0-5.29-2.62-10.14-7.27-12.99z\"><\/path><\/svg><br \/>\n\t\t\t\t\t\t\t\t\t\tGeral<br \/>\n\t\t\t\t\t\t\t\t\t\t\t<\/a>\n\t\t\t\t\t\t\t\t\t<\/li>\n<li>\n\t\t\t\t\t\t\t\t\t\t\t<a href=\"https:\/\/contas.cnt.br\/mcasp\/manual-de-contabilidade-aplicada-ao-setor-publico\/procedimentos-contabeis-orcamentarios\/\"><br \/>\n\t\t\t\t\t\t\t<svg aria-hidden=\"true\" viewBox=\"0 0 576 512\" xmlns=\"http:\/\/www.w3.org\/2000\/svg\"><path d=\"M542.22 32.05c-54.8 3.11-163.72 14.43-230.96 55.59-4.64 2.84-7.27 7.89-7.27 13.17v363.87c0 11.55 12.63 18.85 23.28 13.49 69.18-34.82 169.23-44.32 218.7-46.92 16.89-.89 30.02-14.43 30.02-30.66V62.75c.01-17.71-15.35-31.74-33.77-30.7zM264.73 87.64C197.5 46.48 88.58 35.17 33.78 32.05 15.36 31.01 0 45.04 0 62.75V400.6c0 16.24 13.13 29.78 30.02 30.66 49.49 2.6 149.59 12.11 218.77 46.95 10.62 5.35 23.21-1.94 23.21-13.46V100.63c0-5.29-2.62-10.14-7.27-12.99z\"><\/path><\/svg><br \/>\n\t\t\t\t\t\t\t\t\t\tProcedimentos Or\u00e7ament\u00e1rios<br \/>\n\t\t\t\t\t\t\t\t\t\t\t<\/a>\n\t\t\t\t\t\t\t\t\t<\/li>\n<li>\n\t\t\t\t\t\t\t\t\t\t\t<a href=\"https:\/\/contas.cnt.br\/mcasp\/parte-geral\/\"><br \/>\n\t\t\t\t\t\t\t<svg aria-hidden=\"true\" viewBox=\"0 0 576 512\" xmlns=\"http:\/\/www.w3.org\/2000\/svg\"><path d=\"M542.22 32.05c-54.8 3.11-163.72 14.43-230.96 55.59-4.64 2.84-7.27 7.89-7.27 13.17v363.87c0 11.55 12.63 18.85 23.28 13.49 69.18-34.82 169.23-44.32 218.7-46.92 16.89-.89 30.02-14.43 30.02-30.66V62.75c.01-17.71-15.35-31.74-33.77-30.7zM264.73 87.64C197.5 46.48 88.58 35.17 33.78 32.05 15.36 31.01 0 45.04 0 62.75V400.6c0 16.24 13.13 29.78 30.02 30.66 49.49 2.6 149.59 12.11 218.77 46.95 10.62 5.35 23.21-1.94 23.21-13.46V100.63c0-5.29-2.62-10.14-7.27-12.99z\"><\/path><\/svg><br \/>\n\t\t\t\t\t\t\t\t\t\tProcedimentos Patrimoniais<br \/>\n\t\t\t\t\t\t\t\t\t\t\t<\/a>\n\t\t\t\t\t\t\t\t\t<\/li>\n<li>\n\t\t\t\t\t\t\t\t\t\t\t<a href=\"https:\/\/contas.cnt.br\/mcasp\/parte-geral\/\"><br \/>\n\t\t\t\t\t\t\t<svg aria-hidden=\"true\" viewBox=\"0 0 576 512\" xmlns=\"http:\/\/www.w3.org\/2000\/svg\"><path d=\"M542.22 32.05c-54.8 3.11-163.72 14.43-230.96 55.59-4.64 2.84-7.27 7.89-7.27 13.17v363.87c0 11.55 12.63 18.85 23.28 13.49 69.18-34.82 169.23-44.32 218.7-46.92 16.89-.89 30.02-14.43 30.02-30.66V62.75c.01-17.71-15.35-31.74-33.77-30.7zM264.73 87.64C197.5 46.48 88.58 35.17 33.78 32.05 15.36 31.01 0 45.04 0 62.75V400.6c0 16.24 13.13 29.78 30.02 30.66 49.49 2.6 149.59 12.11 218.77 46.95 10.62 5.35 23.21-1.94 23.21-13.46V100.63c0-5.29-2.62-10.14-7.27-12.99z\"><\/path><\/svg><br \/>\n\t\t\t\t\t\t\t\t\t\tProcedimentos Espec\u00edficos<br \/>\n\t\t\t\t\t\t\t\t\t\t\t<\/a>\n\t\t\t\t\t\t\t\t\t<\/li>\n<li>\n\t\t\t\t\t\t\t\t\t\t\t<a href=\"https:\/\/contas.cnt.br\/mcasp\/parte-geral\/\"><br \/>\n\t\t\t\t\t\t\t<svg aria-hidden=\"true\" viewBox=\"0 0 576 512\" xmlns=\"http:\/\/www.w3.org\/2000\/svg\"><path d=\"M542.22 32.05c-54.8 3.11-163.72 14.43-230.96 55.59-4.64 2.84-7.27 7.89-7.27 13.17v363.87c0 11.55 12.63 18.85 23.28 13.49 69.18-34.82 169.23-44.32 218.7-46.92 16.89-.89 30.02-14.43 30.02-30.66V62.75c.01-17.71-15.35-31.74-33.77-30.7zM264.73 87.64C197.5 46.48 88.58 35.17 33.78 32.05 15.36 31.01 0 45.04 0 62.75V400.6c0 16.24 13.13 29.78 30.02 30.66 49.49 2.6 149.59 12.11 218.77 46.95 10.62 5.35 23.21-1.94 23.21-13.46V100.63c0-5.29-2.62-10.14-7.27-12.99z\"><\/path><\/svg><br \/>\n\t\t\t\t\t\t\t\t\t\tPCASP<br \/>\n\t\t\t\t\t\t\t\t\t\t\t<\/a>\n\t\t\t\t\t\t\t\t\t<\/li>\n<li>\n\t\t\t\t\t\t\t\t\t\t\t<a href=\"https:\/\/contas.cnt.br\/mcasp\/parte-geral\/\"><br \/>\n\t\t\t\t\t\t\t<svg aria-hidden=\"true\" viewBox=\"0 0 576 512\" xmlns=\"http:\/\/www.w3.org\/2000\/svg\"><path d=\"M542.22 32.05c-54.8 3.11-163.72 14.43-230.96 55.59-4.64 2.84-7.27 7.89-7.27 13.17v363.87c0 11.55 12.63 18.85 23.28 13.49 69.18-34.82 169.23-44.32 218.7-46.92 16.89-.89 30.02-14.43 30.02-30.66V62.75c.01-17.71-15.35-31.74-33.77-30.7zM264.73 87.64C197.5 46.48 88.58 35.17 33.78 32.05 15.36 31.01 0 45.04 0 62.75V400.6c0 16.24 13.13 29.78 30.02 30.66 49.49 2.6 149.59 12.11 218.77 46.95 10.62 5.35 23.21-1.94 23.21-13.46V100.63c0-5.29-2.62-10.14-7.27-12.99z\"><\/path><\/svg><br \/>\n\t\t\t\t\t\t\t\t\t\tDCASP<br \/>\n\t\t\t\t\t\t\t\t\t\t\t<\/a>\n\t\t\t\t\t\t\t\t\t<\/li>\n<\/ul>\n<h6><a href=\"https:\/\/contas.cnt.br\/mcasp\/sumario\/\">Sum\u00e1rio<\/a><\/h6>\n<p>\t\t\t\t\t\t\t\t\t\t\t\t\t\t\t\t<a href=\"https:\/\/www.contas.cnt.br\/curso-contabilidade-publica-contabilidade-aplicada-ao-setor-publico\/\" target=\"_blank\" rel=\"noopener\"><br \/>\n\t\t\t\t\t\t\t<img loading=\"lazy\" decoding=\"async\" width=\"1080\" height=\"1080\" src=\"https:\/\/contas.cnt.br\/mcasp\/wp-content\/uploads\/2023\/12\/Curso-Contabilidade-Publica_Renato-Santos-Chaves.png\" alt=\"\" srcset=\"https:\/\/contas.cnt.br\/mcasp\/wp-content\/uploads\/2023\/12\/Curso-Contabilidade-Publica_Renato-Santos-Chaves.png 1080w, https:\/\/contas.cnt.br\/mcasp\/wp-content\/uploads\/2023\/12\/Curso-Contabilidade-Publica_Renato-Santos-Chaves-300x300.png 300w, https:\/\/contas.cnt.br\/mcasp\/wp-content\/uploads\/2023\/12\/Curso-Contabilidade-Publica_Renato-Santos-Chaves-1024x1024.png 1024w, https:\/\/contas.cnt.br\/mcasp\/wp-content\/uploads\/2023\/12\/Curso-Contabilidade-Publica_Renato-Santos-Chaves-150x150.png 150w, https:\/\/contas.cnt.br\/mcasp\/wp-content\/uploads\/2023\/12\/Curso-Contabilidade-Publica_Renato-Santos-Chaves-768x768.png 768w\" sizes=\"auto, (max-width: 1080px) 100vw, 1080px\" \/>\t\t\t\t\t\t\t\t<\/a><\/p>\n","protected":false},"excerpt":{"rendered":"<p>3.1. CONCEITO O or\u00e7amento \u00e9 um importante instrumento de planejamento de qualquer entidade, seja p\u00fablica ou privada, e representa o fluxo previsto de ingressos e de aplica\u00e7\u00f5es de recursos em determinado per\u00edodo. A mat\u00e9ria pertinente \u00e0 receita vem disciplinada no art. 3\u00ba, conjugado com o art. 57, e no art. 35 da Lei n\u00ba 4.320\/1964: [&hellip;]<\/p>\n","protected":false},"author":1,"featured_media":0,"parent":219,"menu_order":0,"comment_status":"closed","ping_status":"closed","template":"","meta":{"jetpack_post_was_ever_published":false,"footnotes":""},"class_list":["post-329","page","type-page","status-publish","hentry"],"yoast_head":"<!-- This site is optimized with the Yoast SEO plugin v27.4 - https:\/\/yoast.com\/product\/yoast-seo-wordpress\/ -->\n<title>Receita Or\u00e7ament\u00e1ria -<\/title>\n<meta name=\"robots\" content=\"index, follow, max-snippet:-1, max-image-preview:large, max-video-preview:-1\" \/>\n<link rel=\"canonical\" href=\"https:\/\/contas.cnt.br\/mcasp\/manual-de-contabilidade-aplicada-ao-setor-publico\/procedimentos-contabeis-orcamentarios\/receita-orcamentaria\/\" \/>\n<meta property=\"og:locale\" content=\"pt_BR\" \/>\n<meta property=\"og:type\" content=\"article\" \/>\n<meta property=\"og:title\" content=\"Receita Or\u00e7ament\u00e1ria -\" \/>\n<meta property=\"og:description\" content=\"3.1. CONCEITO O or\u00e7amento \u00e9 um importante instrumento de planejamento de qualquer entidade, seja p\u00fablica ou privada, e representa o fluxo previsto de ingressos e de aplica\u00e7\u00f5es de recursos em determinado per\u00edodo. A mat\u00e9ria pertinente \u00e0 receita vem disciplinada no art. 3\u00ba, conjugado com o art. 57, e no art. 35 da Lei n\u00ba 4.320\/1964: [&hellip;]\" \/>\n<meta property=\"og:url\" content=\"https:\/\/contas.cnt.br\/mcasp\/manual-de-contabilidade-aplicada-ao-setor-publico\/procedimentos-contabeis-orcamentarios\/receita-orcamentaria\/\" \/>\n<meta property=\"article:modified_time\" content=\"2024-03-24T00:49:00+00:00\" \/>\n<meta property=\"og:image\" content=\"https:\/\/contas.cnt.br\/mcasp\/wp-content\/uploads\/2023\/12\/MCASP_Contas.cnt_.br_Capa_2.png\" \/>\n\t<meta property=\"og:image:width\" content=\"1600\" \/>\n\t<meta property=\"og:image:height\" content=\"280\" \/>\n\t<meta property=\"og:image:type\" content=\"image\/png\" \/>\n<meta name=\"twitter:card\" content=\"summary_large_image\" \/>\n<meta name=\"twitter:label1\" content=\"Est. tempo de leitura\" \/>\n\t<meta name=\"twitter:data1\" content=\"3 minutos\" \/>\n<script type=\"application\/ld+json\" class=\"yoast-schema-graph\">{\"@context\":\"https:\\\/\\\/schema.org\",\"@graph\":[{\"@type\":\"WebPage\",\"@id\":\"https:\\\/\\\/contas.cnt.br\\\/mcasp\\\/manual-de-contabilidade-aplicada-ao-setor-publico\\\/procedimentos-contabeis-orcamentarios\\\/receita-orcamentaria\\\/\",\"url\":\"https:\\\/\\\/contas.cnt.br\\\/mcasp\\\/manual-de-contabilidade-aplicada-ao-setor-publico\\\/procedimentos-contabeis-orcamentarios\\\/receita-orcamentaria\\\/\",\"name\":\"Receita Or\u00e7ament\u00e1ria -\",\"isPartOf\":{\"@id\":\"https:\\\/\\\/contas.cnt.br\\\/mcasp\\\/#website\"},\"primaryImageOfPage\":{\"@id\":\"https:\\\/\\\/contas.cnt.br\\\/mcasp\\\/manual-de-contabilidade-aplicada-ao-setor-publico\\\/procedimentos-contabeis-orcamentarios\\\/receita-orcamentaria\\\/#primaryimage\"},\"image\":{\"@id\":\"https:\\\/\\\/contas.cnt.br\\\/mcasp\\\/manual-de-contabilidade-aplicada-ao-setor-publico\\\/procedimentos-contabeis-orcamentarios\\\/receita-orcamentaria\\\/#primaryimage\"},\"thumbnailUrl\":\"https:\\\/\\\/contas.cnt.br\\\/mcasp\\\/wp-content\\\/uploads\\\/2023\\\/12\\\/1.jpg\",\"datePublished\":\"2023-12-09T10:58:54+00:00\",\"dateModified\":\"2024-03-24T00:49:00+00:00\",\"breadcrumb\":{\"@id\":\"https:\\\/\\\/contas.cnt.br\\\/mcasp\\\/manual-de-contabilidade-aplicada-ao-setor-publico\\\/procedimentos-contabeis-orcamentarios\\\/receita-orcamentaria\\\/#breadcrumb\"},\"inLanguage\":\"pt-BR\",\"potentialAction\":[{\"@type\":\"ReadAction\",\"target\":[\"https:\\\/\\\/contas.cnt.br\\\/mcasp\\\/manual-de-contabilidade-aplicada-ao-setor-publico\\\/procedimentos-contabeis-orcamentarios\\\/receita-orcamentaria\\\/\"]}]},{\"@type\":\"ImageObject\",\"inLanguage\":\"pt-BR\",\"@id\":\"https:\\\/\\\/contas.cnt.br\\\/mcasp\\\/manual-de-contabilidade-aplicada-ao-setor-publico\\\/procedimentos-contabeis-orcamentarios\\\/receita-orcamentaria\\\/#primaryimage\",\"url\":\"https:\\\/\\\/contas.cnt.br\\\/mcasp\\\/wp-content\\\/uploads\\\/2023\\\/12\\\/1.jpg\",\"contentUrl\":\"https:\\\/\\\/contas.cnt.br\\\/mcasp\\\/wp-content\\\/uploads\\\/2023\\\/12\\\/1.jpg\",\"width\":661,\"height\":132},{\"@type\":\"BreadcrumbList\",\"@id\":\"https:\\\/\\\/contas.cnt.br\\\/mcasp\\\/manual-de-contabilidade-aplicada-ao-setor-publico\\\/procedimentos-contabeis-orcamentarios\\\/receita-orcamentaria\\\/#breadcrumb\",\"itemListElement\":[{\"@type\":\"ListItem\",\"position\":1,\"name\":\"Home\",\"item\":\"https:\\\/\\\/contas.cnt.br\\\/mcasp\\\/\"},{\"@type\":\"ListItem\",\"position\":2,\"name\":\"Manual de Contabilidade Aplicada ao Setor P\u00fablico\",\"item\":\"https:\\\/\\\/contas.cnt.br\\\/mcasp\\\/\"},{\"@type\":\"ListItem\",\"position\":3,\"name\":\"Procedimentos Cont\u00e1beis Or\u00e7ament\u00e1rios\",\"item\":\"https:\\\/\\\/contas.cnt.br\\\/mcasp\\\/manual-de-contabilidade-aplicada-ao-setor-publico\\\/procedimentos-contabeis-orcamentarios\\\/\"},{\"@type\":\"ListItem\",\"position\":4,\"name\":\"Receita Or\u00e7ament\u00e1ria\"}]},{\"@type\":\"WebSite\",\"@id\":\"https:\\\/\\\/contas.cnt.br\\\/mcasp\\\/#website\",\"url\":\"https:\\\/\\\/contas.cnt.br\\\/mcasp\\\/\",\"name\":\"\",\"description\":\"MCASP Online\",\"potentialAction\":[{\"@type\":\"SearchAction\",\"target\":{\"@type\":\"EntryPoint\",\"urlTemplate\":\"https:\\\/\\\/contas.cnt.br\\\/mcasp\\\/?s={search_term_string}\"},\"query-input\":{\"@type\":\"PropertyValueSpecification\",\"valueRequired\":true,\"valueName\":\"search_term_string\"}}],\"inLanguage\":\"pt-BR\"}]}<\/script>\n<!-- \/ Yoast SEO plugin. -->","yoast_head_json":{"title":"Receita Or\u00e7ament\u00e1ria -","robots":{"index":"index","follow":"follow","max-snippet":"max-snippet:-1","max-image-preview":"max-image-preview:large","max-video-preview":"max-video-preview:-1"},"canonical":"https:\/\/contas.cnt.br\/mcasp\/manual-de-contabilidade-aplicada-ao-setor-publico\/procedimentos-contabeis-orcamentarios\/receita-orcamentaria\/","og_locale":"pt_BR","og_type":"article","og_title":"Receita Or\u00e7ament\u00e1ria -","og_description":"3.1. CONCEITO O or\u00e7amento \u00e9 um importante instrumento de planejamento de qualquer entidade, seja p\u00fablica ou privada, e representa o fluxo previsto de ingressos e de aplica\u00e7\u00f5es de recursos em determinado per\u00edodo. A mat\u00e9ria pertinente \u00e0 receita vem disciplinada no art. 3\u00ba, conjugado com o art. 57, e no art. 35 da Lei n\u00ba 4.320\/1964: [&hellip;]","og_url":"https:\/\/contas.cnt.br\/mcasp\/manual-de-contabilidade-aplicada-ao-setor-publico\/procedimentos-contabeis-orcamentarios\/receita-orcamentaria\/","article_modified_time":"2024-03-24T00:49:00+00:00","og_image":[{"width":1600,"height":280,"url":"https:\/\/contas.cnt.br\/mcasp\/wp-content\/uploads\/2023\/12\/MCASP_Contas.cnt_.br_Capa_2.png","type":"image\/png"}],"twitter_card":"summary_large_image","twitter_misc":{"Est. tempo de leitura":"3 minutos"},"schema":{"@context":"https:\/\/schema.org","@graph":[{"@type":"WebPage","@id":"https:\/\/contas.cnt.br\/mcasp\/manual-de-contabilidade-aplicada-ao-setor-publico\/procedimentos-contabeis-orcamentarios\/receita-orcamentaria\/","url":"https:\/\/contas.cnt.br\/mcasp\/manual-de-contabilidade-aplicada-ao-setor-publico\/procedimentos-contabeis-orcamentarios\/receita-orcamentaria\/","name":"Receita Or\u00e7ament\u00e1ria -","isPartOf":{"@id":"https:\/\/contas.cnt.br\/mcasp\/#website"},"primaryImageOfPage":{"@id":"https:\/\/contas.cnt.br\/mcasp\/manual-de-contabilidade-aplicada-ao-setor-publico\/procedimentos-contabeis-orcamentarios\/receita-orcamentaria\/#primaryimage"},"image":{"@id":"https:\/\/contas.cnt.br\/mcasp\/manual-de-contabilidade-aplicada-ao-setor-publico\/procedimentos-contabeis-orcamentarios\/receita-orcamentaria\/#primaryimage"},"thumbnailUrl":"https:\/\/contas.cnt.br\/mcasp\/wp-content\/uploads\/2023\/12\/1.jpg","datePublished":"2023-12-09T10:58:54+00:00","dateModified":"2024-03-24T00:49:00+00:00","breadcrumb":{"@id":"https:\/\/contas.cnt.br\/mcasp\/manual-de-contabilidade-aplicada-ao-setor-publico\/procedimentos-contabeis-orcamentarios\/receita-orcamentaria\/#breadcrumb"},"inLanguage":"pt-BR","potentialAction":[{"@type":"ReadAction","target":["https:\/\/contas.cnt.br\/mcasp\/manual-de-contabilidade-aplicada-ao-setor-publico\/procedimentos-contabeis-orcamentarios\/receita-orcamentaria\/"]}]},{"@type":"ImageObject","inLanguage":"pt-BR","@id":"https:\/\/contas.cnt.br\/mcasp\/manual-de-contabilidade-aplicada-ao-setor-publico\/procedimentos-contabeis-orcamentarios\/receita-orcamentaria\/#primaryimage","url":"https:\/\/contas.cnt.br\/mcasp\/wp-content\/uploads\/2023\/12\/1.jpg","contentUrl":"https:\/\/contas.cnt.br\/mcasp\/wp-content\/uploads\/2023\/12\/1.jpg","width":661,"height":132},{"@type":"BreadcrumbList","@id":"https:\/\/contas.cnt.br\/mcasp\/manual-de-contabilidade-aplicada-ao-setor-publico\/procedimentos-contabeis-orcamentarios\/receita-orcamentaria\/#breadcrumb","itemListElement":[{"@type":"ListItem","position":1,"name":"Home","item":"https:\/\/contas.cnt.br\/mcasp\/"},{"@type":"ListItem","position":2,"name":"Manual de Contabilidade Aplicada ao Setor P\u00fablico","item":"https:\/\/contas.cnt.br\/mcasp\/"},{"@type":"ListItem","position":3,"name":"Procedimentos Cont\u00e1beis Or\u00e7ament\u00e1rios","item":"https:\/\/contas.cnt.br\/mcasp\/manual-de-contabilidade-aplicada-ao-setor-publico\/procedimentos-contabeis-orcamentarios\/"},{"@type":"ListItem","position":4,"name":"Receita Or\u00e7ament\u00e1ria"}]},{"@type":"WebSite","@id":"https:\/\/contas.cnt.br\/mcasp\/#website","url":"https:\/\/contas.cnt.br\/mcasp\/","name":"","description":"MCASP Online","potentialAction":[{"@type":"SearchAction","target":{"@type":"EntryPoint","urlTemplate":"https:\/\/contas.cnt.br\/mcasp\/?s={search_term_string}"},"query-input":{"@type":"PropertyValueSpecification","valueRequired":true,"valueName":"search_term_string"}}],"inLanguage":"pt-BR"}]}},"jetpack_sharing_enabled":true,"_links":{"self":[{"href":"https:\/\/contas.cnt.br\/mcasp\/wp-json\/wp\/v2\/pages\/329","targetHints":{"allow":["GET"]}}],"collection":[{"href":"https:\/\/contas.cnt.br\/mcasp\/wp-json\/wp\/v2\/pages"}],"about":[{"href":"https:\/\/contas.cnt.br\/mcasp\/wp-json\/wp\/v2\/types\/page"}],"author":[{"embeddable":true,"href":"https:\/\/contas.cnt.br\/mcasp\/wp-json\/wp\/v2\/users\/1"}],"replies":[{"embeddable":true,"href":"https:\/\/contas.cnt.br\/mcasp\/wp-json\/wp\/v2\/comments?post=329"}],"version-history":[{"count":40,"href":"https:\/\/contas.cnt.br\/mcasp\/wp-json\/wp\/v2\/pages\/329\/revisions"}],"predecessor-version":[{"id":1387,"href":"https:\/\/contas.cnt.br\/mcasp\/wp-json\/wp\/v2\/pages\/329\/revisions\/1387"}],"up":[{"embeddable":true,"href":"https:\/\/contas.cnt.br\/mcasp\/wp-json\/wp\/v2\/pages\/219"}],"wp:attachment":[{"href":"https:\/\/contas.cnt.br\/mcasp\/wp-json\/wp\/v2\/media?parent=329"}],"curies":[{"name":"wp","href":"https:\/\/api.w.org\/{rel}","templated":true}]}}