{"id":577,"date":"2023-12-10T18:20:16","date_gmt":"2023-12-10T21:20:16","guid":{"rendered":"https:\/\/contas.cnt.br\/mcasp\/?page_id=577"},"modified":"2024-08-27T22:34:21","modified_gmt":"2024-08-28T01:34:21","slug":"procedimentos-contabeis-patrimoniais","status":"publish","type":"page","link":"https:\/\/contas.cnt.br\/mcasp\/manual-de-contabilidade-aplicada-ao-setor-publico\/procedimentos-contabeis-patrimoniais\/","title":{"rendered":"Procedimentos Cont\u00e1beis Patrimoniais"},"content":{"rendered":"\n<p><b>1. Introdu\u00e7\u00e3o<\/b><\/p>\n\n\n\n<p>Esta Parte, intitulada Procedimentos Cont\u00e1beis Patrimoniais, apresenta o conjunto de conceitos, regras e procedimentos relativos aos atos e fatos patrimoniais e seu relacionamento com a Contabilidade Aplicada ao Setor P\u00fablico. Visa tamb\u00e9m \u00e0 harmoniza\u00e7\u00e3o dos padr\u00f5es a serem observados pela Administra\u00e7\u00e3o P\u00fablica, no que se refere \u00e0s varia\u00e7\u00f5es patrimoniais, classifica\u00e7\u00f5es, destina\u00e7\u00f5es e registros, para permitir a evidencia\u00e7\u00e3o e a consolida\u00e7\u00e3o das contas p\u00fablicas nacionais.<\/p>\n\n\n\n<p>O atendimento do enfoque patrimonial da contabilidade compreende o registro e a evidencia\u00e7\u00e3o da composi\u00e7\u00e3o patrimonial do ente p\u00fablico (arts. 85, 89, 100 e 104 da Lei n\u00ba 4.320\/1964). Nesse aspecto, devem ser atendidos as normas cont\u00e1beis voltadas para o reconhecimento, mensura\u00e7\u00e3o e evidencia\u00e7\u00e3o de ativos e passivos e suas varia\u00e7\u00f5es patrimoniais, contribuindo para o processo de converg\u00eancia \u00e0s normas internacionais, respeitada a base legal nacional. A compreens\u00e3o da l\u00f3gica dos registros patrimoniais \u00e9 importante para o entendimento da forma\u00e7\u00e3o, composi\u00e7\u00e3o e evolu\u00e7\u00e3o do patrim\u00f4nio.<\/p>\n\n\n\n<p>Busca, assim, melhorar a qualidade e a consist\u00eancia das informa\u00e7\u00f5es prestadas \u00e0 sociedade, de modo a possibilitar o exerc\u00edcio da cidadania no controle do patrim\u00f4nio dos governos federal, estadual, distrital e municipal.<\/p>\n\n\n\n<hr class=\"wp-block-separator has-alpha-channel-opacity\"\/>\n\n\n\n<h5 class=\"wp-block-heading\">&gt;&gt;&gt; Cap\u00edtulos<\/h5>\n\n\n\n<blockquote class=\"wp-block-quote is-layout-flow wp-block-quote-is-layout-flow\">\n<p>1.\u00a0Introdu\u00e7\u00e3o<\/p>\n\n\n\n<p>2.&nbsp;<a href=\"https:\/\/contas.cnt.br\/mcasp\/procedimentos-contabeis-patrimoniais\/elementos-das-demonstracoes-contabeis\/\">Elementos das Demonstra\u00e7\u00f5es Cont\u00e1beis<\/a><\/p>\n\n\n\n<p>3. Mensura\u00e7\u00e3o de Ativos e Passivos<\/p>\n\n\n\n<p>4. Caixa e Equivalentes de Caixa<\/p>\n\n\n\n<p>5. Estoques<\/p>\n\n\n\n<p>6. Ativo Biol\u00f3gico e Produto Agr\u00edcola<\/p>\n\n\n\n<p>7. Propriedade para Investimento<\/p>\n\n\n\n<p>8. Investimento em Coligada e em Empreendimento Controlado em Conjunto (ECC)<\/p>\n\n\n\n<p>9.&nbsp; Combina\u00e7\u00f5es no Setor P\u00fablico<\/p>\n\n\n\n<p>10. Acordos em Conjunto<\/p>\n\n\n\n<p>11.&nbsp;<a href=\"https:\/\/contas.cnt.br\/mcasp\/manual-de-contabilidade-aplicada-ao-setor-publico\/procedimentos-contabeis-patrimoniais\/ativo-imobilizado-nbc-tsp-07\/\">Ativo Imobilizado<\/a><\/p>\n\n\n\n<p>12. Ativo Intang\u00edvel<\/p>\n\n\n\n<p>13. Redu\u00e7\u00e3o ao Valor Recuper\u00e1vel<\/p>\n\n\n\n<p>14. Receita de Transa\u00e7\u00e3o sem Contrapresta\u00e7\u00e3o<\/p>\n\n\n\n<p>15. Receita de Transa\u00e7\u00e3o com Contrapresta\u00e7\u00e3o<\/p>\n\n\n\n<p>16. Custos de Empr\u00e9stimos<\/p>\n\n\n\n<p>17.&nbsp;<a href=\"https:\/\/contas.cnt.br\/mcasp\/manual-de-contabilidade-aplicada-ao-setor-publico\/procedimentos-contabeis-patrimoniais\/provisoes-passivos-contingentes-e-ativos-contingentes\/\">Provis\u00f5es, Passivos Contingentes e Ativos Contingentes<\/a><\/p>\n\n\n\n<p>18. Apropria\u00e7\u00e3o de 13\u00ba Sal\u00e1rio e F\u00e9rias<\/p>\n\n\n\n<p>19. Reflexo Patrimonial das Despesas de Exerc\u00edcios Anteriores (DEA)<\/p>\n\n\n\n<p>20. Efeito das Mudan\u00e7as nas Taxas de C\u00e2mbio<\/p>\n\n\n\n<p>21. Evento Subsequente<\/p>\n\n\n\n<p>22. Pol\u00edticas Cont\u00e1beis, Mudan\u00e7a de Estimativa e Retifica\u00e7\u00e3o de Erro<\/p>\n<\/blockquote>\n\n\n\n<h5 class=\"wp-block-heading\">&gt;&gt; PARTES<\/h5>\n\n\n\n<blockquote class=\"wp-block-quote is-layout-flow wp-block-quote-is-layout-flow\">\n<p><a href=\"https:\/\/contas.cnt.br\/mcasp\/manual-de-contabilidade-aplicada-ao-setor-publico\/parte-geral\/\">Parte Geral<\/a><\/p>\n\n\n\n<p><a href=\"https:\/\/contas.cnt.br\/mcasp\/manual-de-contabilidade-aplicada-ao-setor-publico\/procedimentos-contabeis-orcamentarios\/\">Parte I \u2013 Procedimentos Cont\u00e1beis Or\u00e7ament\u00e1rios<\/a><\/p>\n\n\n\n<p>Parte II \u2013 Procedimentos Cont\u00e1beis Patrimoniais<\/p>\n\n\n\n<p><a href=\"https:\/\/contas.cnt.br\/mcasp\/manual-de-contabilidade-aplicada-ao-setor-publico\/procedimentos-contabeis-especificos\/\">Parte III \u2013 Procedimentos Cont\u00e1beis Espec\u00edficos<\/a><\/p>\n\n\n\n<p><a href=\"https:\/\/contas.cnt.br\/mcasp\/manual-de-contabilidade-aplicada-ao-setor-publico\/plano-de-contas-aplicado-ao-setor-publico-pcasp\/\">Parte IV \u2013 Plano de Contas Aplicado ao Setor P\u00fablico \u2013 PCASP<\/a><\/p>\n\n\n\n<p><a href=\"https:\/\/contas.cnt.br\/mcasp\/manual-de-contabilidade-aplicada-ao-setor-publico\/demonstracoes-contabeis-aplicadas-ao-setor-publico-dcasp\/\">Parte V \u2013 Demonstra\u00e7\u00f5es Cont\u00e1beis Aplicadas ao Setor P\u00fablico \u2013 DCASP<\/a><\/p>\n<\/blockquote>\n\n\n\n<h5 class=\"wp-block-heading\">>\u00a0<a href=\"https:\/\/contas.cnt.br\/mcasp\/manual-de-contabilidade-aplicada-ao-setor-publico\/sumario\/\">SUM\u00c1RIO<\/a><\/h5>\n","protected":false},"excerpt":{"rendered":"<p>1. Introdu\u00e7\u00e3o Esta Parte, intitulada Procedimentos Cont\u00e1beis Patrimoniais, apresenta o conjunto de conceitos, regras e procedimentos relativos aos atos e fatos patrimoniais e seu relacionamento com a Contabilidade Aplicada ao Setor P\u00fablico. Visa tamb\u00e9m \u00e0 harmoniza\u00e7\u00e3o dos padr\u00f5es a serem observados pela Administra\u00e7\u00e3o P\u00fablica, no que se refere \u00e0s varia\u00e7\u00f5es patrimoniais, classifica\u00e7\u00f5es, destina\u00e7\u00f5es e registros, [&hellip;]<\/p>\n","protected":false},"author":1,"featured_media":1835,"parent":2,"menu_order":3,"comment_status":"closed","ping_status":"closed","template":"","meta":{"jetpack_post_was_ever_published":false,"footnotes":""},"class_list":["post-577","page","type-page","status-publish","has-post-thumbnail","hentry"],"yoast_head":"<!-- This site is optimized with the Yoast SEO plugin v27.3 - https:\/\/yoast.com\/product\/yoast-seo-wordpress\/ -->\n<title>Procedimentos Cont\u00e1beis Patrimoniais<\/title>\n<meta name=\"description\" content=\"Procedimentos Cont\u00e1beis Patrimoniais. Manual de Contabilidade Aplicada ao etor P\u00fablico - MCASP. Curso Contabilidade P\u00fablica.\" \/>\n<meta name=\"robots\" content=\"index, follow, max-snippet:-1, max-image-preview:large, max-video-preview:-1\" \/>\n<link rel=\"canonical\" href=\"https:\/\/contas.cnt.br\/mcasp\/manual-de-contabilidade-aplicada-ao-setor-publico\/procedimentos-contabeis-patrimoniais\/\" \/>\n<meta property=\"og:locale\" content=\"pt_BR\" \/>\n<meta property=\"og:type\" content=\"article\" \/>\n<meta property=\"og:title\" content=\"Procedimentos Cont\u00e1beis Patrimoniais\" \/>\n<meta property=\"og:description\" content=\"Procedimentos Cont\u00e1beis Patrimoniais. Manual de Contabilidade Aplicada ao etor P\u00fablico - MCASP. Curso Contabilidade P\u00fablica.\" \/>\n<meta property=\"og:url\" content=\"https:\/\/contas.cnt.br\/mcasp\/manual-de-contabilidade-aplicada-ao-setor-publico\/procedimentos-contabeis-patrimoniais\/\" \/>\n<meta property=\"article:modified_time\" content=\"2024-08-28T01:34:21+00:00\" \/>\n<meta property=\"og:image\" content=\"https:\/\/contas.cnt.br\/mcasp\/wp-content\/uploads\/2024\/08\/4.-MCASP_Online_PCP.png\" \/>\n\t<meta property=\"og:image:width\" content=\"1600\" \/>\n\t<meta property=\"og:image:height\" content=\"280\" \/>\n\t<meta property=\"og:image:type\" content=\"image\/png\" \/>\n<meta name=\"twitter:card\" content=\"summary_large_image\" \/>\n<meta name=\"twitter:label1\" content=\"Est. tempo de leitura\" \/>\n\t<meta name=\"twitter:data1\" content=\"2 minutos\" \/>\n<script type=\"application\/ld+json\" class=\"yoast-schema-graph\">{\"@context\":\"https:\\\/\\\/schema.org\",\"@graph\":[{\"@type\":\"WebPage\",\"@id\":\"https:\\\/\\\/contas.cnt.br\\\/mcasp\\\/manual-de-contabilidade-aplicada-ao-setor-publico\\\/procedimentos-contabeis-patrimoniais\\\/\",\"url\":\"https:\\\/\\\/contas.cnt.br\\\/mcasp\\\/manual-de-contabilidade-aplicada-ao-setor-publico\\\/procedimentos-contabeis-patrimoniais\\\/\",\"name\":\"Procedimentos Cont\u00e1beis Patrimoniais\",\"isPartOf\":{\"@id\":\"https:\\\/\\\/contas.cnt.br\\\/mcasp\\\/#website\"},\"primaryImageOfPage\":{\"@id\":\"https:\\\/\\\/contas.cnt.br\\\/mcasp\\\/manual-de-contabilidade-aplicada-ao-setor-publico\\\/procedimentos-contabeis-patrimoniais\\\/#primaryimage\"},\"image\":{\"@id\":\"https:\\\/\\\/contas.cnt.br\\\/mcasp\\\/manual-de-contabilidade-aplicada-ao-setor-publico\\\/procedimentos-contabeis-patrimoniais\\\/#primaryimage\"},\"thumbnailUrl\":\"https:\\\/\\\/contas.cnt.br\\\/mcasp\\\/wp-content\\\/uploads\\\/2024\\\/08\\\/4.-MCASP_Online_PCP.png\",\"datePublished\":\"2023-12-10T21:20:16+00:00\",\"dateModified\":\"2024-08-28T01:34:21+00:00\",\"description\":\"Procedimentos Cont\u00e1beis Patrimoniais. Manual de Contabilidade Aplicada ao etor P\u00fablico - MCASP. Curso Contabilidade P\u00fablica.\",\"breadcrumb\":{\"@id\":\"https:\\\/\\\/contas.cnt.br\\\/mcasp\\\/manual-de-contabilidade-aplicada-ao-setor-publico\\\/procedimentos-contabeis-patrimoniais\\\/#breadcrumb\"},\"inLanguage\":\"pt-BR\",\"potentialAction\":[{\"@type\":\"ReadAction\",\"target\":[\"https:\\\/\\\/contas.cnt.br\\\/mcasp\\\/manual-de-contabilidade-aplicada-ao-setor-publico\\\/procedimentos-contabeis-patrimoniais\\\/\"]}]},{\"@type\":\"ImageObject\",\"inLanguage\":\"pt-BR\",\"@id\":\"https:\\\/\\\/contas.cnt.br\\\/mcasp\\\/manual-de-contabilidade-aplicada-ao-setor-publico\\\/procedimentos-contabeis-patrimoniais\\\/#primaryimage\",\"url\":\"https:\\\/\\\/contas.cnt.br\\\/mcasp\\\/wp-content\\\/uploads\\\/2024\\\/08\\\/4.-MCASP_Online_PCP.png\",\"contentUrl\":\"https:\\\/\\\/contas.cnt.br\\\/mcasp\\\/wp-content\\\/uploads\\\/2024\\\/08\\\/4.-MCASP_Online_PCP.png\",\"width\":1600,\"height\":280,\"caption\":\"Procedimentos Cont\u00e1beis Patrimoniais\"},{\"@type\":\"BreadcrumbList\",\"@id\":\"https:\\\/\\\/contas.cnt.br\\\/mcasp\\\/manual-de-contabilidade-aplicada-ao-setor-publico\\\/procedimentos-contabeis-patrimoniais\\\/#breadcrumb\",\"itemListElement\":[{\"@type\":\"ListItem\",\"position\":1,\"name\":\"Home\",\"item\":\"https:\\\/\\\/contas.cnt.br\\\/mcasp\\\/\"},{\"@type\":\"ListItem\",\"position\":2,\"name\":\"Manual de Contabilidade Aplicada ao Setor P\u00fablico\",\"item\":\"https:\\\/\\\/contas.cnt.br\\\/mcasp\\\/\"},{\"@type\":\"ListItem\",\"position\":3,\"name\":\"Procedimentos Cont\u00e1beis Patrimoniais\"}]},{\"@type\":\"WebSite\",\"@id\":\"https:\\\/\\\/contas.cnt.br\\\/mcasp\\\/#website\",\"url\":\"https:\\\/\\\/contas.cnt.br\\\/mcasp\\\/\",\"name\":\"\",\"description\":\"MCASP Online\",\"potentialAction\":[{\"@type\":\"SearchAction\",\"target\":{\"@type\":\"EntryPoint\",\"urlTemplate\":\"https:\\\/\\\/contas.cnt.br\\\/mcasp\\\/?s={search_term_string}\"},\"query-input\":{\"@type\":\"PropertyValueSpecification\",\"valueRequired\":true,\"valueName\":\"search_term_string\"}}],\"inLanguage\":\"pt-BR\"}]}<\/script>\n<!-- \/ Yoast SEO plugin. -->","yoast_head_json":{"title":"Procedimentos Cont\u00e1beis Patrimoniais","description":"Procedimentos Cont\u00e1beis Patrimoniais. Manual de Contabilidade Aplicada ao etor P\u00fablico - MCASP. Curso Contabilidade P\u00fablica.","robots":{"index":"index","follow":"follow","max-snippet":"max-snippet:-1","max-image-preview":"max-image-preview:large","max-video-preview":"max-video-preview:-1"},"canonical":"https:\/\/contas.cnt.br\/mcasp\/manual-de-contabilidade-aplicada-ao-setor-publico\/procedimentos-contabeis-patrimoniais\/","og_locale":"pt_BR","og_type":"article","og_title":"Procedimentos Cont\u00e1beis Patrimoniais","og_description":"Procedimentos Cont\u00e1beis Patrimoniais. Manual de Contabilidade Aplicada ao etor P\u00fablico - MCASP. Curso Contabilidade P\u00fablica.","og_url":"https:\/\/contas.cnt.br\/mcasp\/manual-de-contabilidade-aplicada-ao-setor-publico\/procedimentos-contabeis-patrimoniais\/","article_modified_time":"2024-08-28T01:34:21+00:00","og_image":[{"width":1600,"height":280,"url":"https:\/\/contas.cnt.br\/mcasp\/wp-content\/uploads\/2024\/08\/4.-MCASP_Online_PCP.png","type":"image\/png"}],"twitter_card":"summary_large_image","twitter_misc":{"Est. tempo de leitura":"2 minutos"},"schema":{"@context":"https:\/\/schema.org","@graph":[{"@type":"WebPage","@id":"https:\/\/contas.cnt.br\/mcasp\/manual-de-contabilidade-aplicada-ao-setor-publico\/procedimentos-contabeis-patrimoniais\/","url":"https:\/\/contas.cnt.br\/mcasp\/manual-de-contabilidade-aplicada-ao-setor-publico\/procedimentos-contabeis-patrimoniais\/","name":"Procedimentos Cont\u00e1beis Patrimoniais","isPartOf":{"@id":"https:\/\/contas.cnt.br\/mcasp\/#website"},"primaryImageOfPage":{"@id":"https:\/\/contas.cnt.br\/mcasp\/manual-de-contabilidade-aplicada-ao-setor-publico\/procedimentos-contabeis-patrimoniais\/#primaryimage"},"image":{"@id":"https:\/\/contas.cnt.br\/mcasp\/manual-de-contabilidade-aplicada-ao-setor-publico\/procedimentos-contabeis-patrimoniais\/#primaryimage"},"thumbnailUrl":"https:\/\/contas.cnt.br\/mcasp\/wp-content\/uploads\/2024\/08\/4.-MCASP_Online_PCP.png","datePublished":"2023-12-10T21:20:16+00:00","dateModified":"2024-08-28T01:34:21+00:00","description":"Procedimentos Cont\u00e1beis Patrimoniais. Manual de Contabilidade Aplicada ao etor P\u00fablico - MCASP. Curso Contabilidade P\u00fablica.","breadcrumb":{"@id":"https:\/\/contas.cnt.br\/mcasp\/manual-de-contabilidade-aplicada-ao-setor-publico\/procedimentos-contabeis-patrimoniais\/#breadcrumb"},"inLanguage":"pt-BR","potentialAction":[{"@type":"ReadAction","target":["https:\/\/contas.cnt.br\/mcasp\/manual-de-contabilidade-aplicada-ao-setor-publico\/procedimentos-contabeis-patrimoniais\/"]}]},{"@type":"ImageObject","inLanguage":"pt-BR","@id":"https:\/\/contas.cnt.br\/mcasp\/manual-de-contabilidade-aplicada-ao-setor-publico\/procedimentos-contabeis-patrimoniais\/#primaryimage","url":"https:\/\/contas.cnt.br\/mcasp\/wp-content\/uploads\/2024\/08\/4.-MCASP_Online_PCP.png","contentUrl":"https:\/\/contas.cnt.br\/mcasp\/wp-content\/uploads\/2024\/08\/4.-MCASP_Online_PCP.png","width":1600,"height":280,"caption":"Procedimentos Cont\u00e1beis Patrimoniais"},{"@type":"BreadcrumbList","@id":"https:\/\/contas.cnt.br\/mcasp\/manual-de-contabilidade-aplicada-ao-setor-publico\/procedimentos-contabeis-patrimoniais\/#breadcrumb","itemListElement":[{"@type":"ListItem","position":1,"name":"Home","item":"https:\/\/contas.cnt.br\/mcasp\/"},{"@type":"ListItem","position":2,"name":"Manual de Contabilidade Aplicada ao Setor P\u00fablico","item":"https:\/\/contas.cnt.br\/mcasp\/"},{"@type":"ListItem","position":3,"name":"Procedimentos Cont\u00e1beis Patrimoniais"}]},{"@type":"WebSite","@id":"https:\/\/contas.cnt.br\/mcasp\/#website","url":"https:\/\/contas.cnt.br\/mcasp\/","name":"","description":"MCASP Online","potentialAction":[{"@type":"SearchAction","target":{"@type":"EntryPoint","urlTemplate":"https:\/\/contas.cnt.br\/mcasp\/?s={search_term_string}"},"query-input":{"@type":"PropertyValueSpecification","valueRequired":true,"valueName":"search_term_string"}}],"inLanguage":"pt-BR"}]}},"jetpack_sharing_enabled":true,"_links":{"self":[{"href":"https:\/\/contas.cnt.br\/mcasp\/wp-json\/wp\/v2\/pages\/577","targetHints":{"allow":["GET"]}}],"collection":[{"href":"https:\/\/contas.cnt.br\/mcasp\/wp-json\/wp\/v2\/pages"}],"about":[{"href":"https:\/\/contas.cnt.br\/mcasp\/wp-json\/wp\/v2\/types\/page"}],"author":[{"embeddable":true,"href":"https:\/\/contas.cnt.br\/mcasp\/wp-json\/wp\/v2\/users\/1"}],"replies":[{"embeddable":true,"href":"https:\/\/contas.cnt.br\/mcasp\/wp-json\/wp\/v2\/comments?post=577"}],"version-history":[{"count":94,"href":"https:\/\/contas.cnt.br\/mcasp\/wp-json\/wp\/v2\/pages\/577\/revisions"}],"predecessor-version":[{"id":1618,"href":"https:\/\/contas.cnt.br\/mcasp\/wp-json\/wp\/v2\/pages\/577\/revisions\/1618"}],"up":[{"embeddable":true,"href":"https:\/\/contas.cnt.br\/mcasp\/wp-json\/wp\/v2\/pages\/2"}],"wp:featuredmedia":[{"embeddable":true,"href":"https:\/\/contas.cnt.br\/mcasp\/wp-json\/wp\/v2\/media\/1835"}],"wp:attachment":[{"href":"https:\/\/contas.cnt.br\/mcasp\/wp-json\/wp\/v2\/media?parent=577"}],"curies":[{"name":"wp","href":"https:\/\/api.w.org\/{rel}","templated":true}]}}